378?
2, 1698689
What are the prime factors of 13766347?
7, 47, 41843
List the prime factors of 7850778.
2, 3, 13, 251, 401
List the prime factors of 393562.
2, 13, 15137
What are the prime factors of 9162923?
7, 11, 127, 937
List the prime factors of 485592.
2, 3, 20233
List the prime factors of 61577.
139, 443
List the prime factors of 12520.
2, 5, 313
List the prime factors of 19308008.
2, 277, 8713
What are the prime factors of 9195953?
13, 229, 3089
List the prime factors of 2614788.
2, 3, 11, 31, 71
What are the prime factors of 1104874?
2, 23, 24019
What are the prime factors of 677181?
3, 53, 4259
List the prime factors of 2271073.
7, 324439
List the prime factors of 6507120.
2, 3, 5, 19, 1427
List the prime factors of 509465.
5, 11, 59, 157
List the prime factors of 5245611.
3, 7, 439, 569
What are the prime factors of 700325?
5, 109, 257
List the prime factors of 18067719.
3, 17, 23, 73, 211
List the prime factors of 725632.
2, 5669
What are the prime factors of 7618627?
331, 23017
What are the prime factors of 6940103?
6940103
List the prime factors of 1335084.
2, 3, 71, 1567
List the prime factors of 388718.
2, 11, 17669
List the prime factors of 770954.
2, 269, 1433
List the prime factors of 8195951.
29, 409, 691
List the prime factors of 3026185.
5, 605237
List the prime factors of 1187570.
2, 5, 118757
List the prime factors of 418995.
3, 5, 9311
What are the prime factors of 2610357?
3, 179, 4861
What are the prime factors of 40716?
2, 3, 13, 29
What are the prime factors of 3706368?
2, 3, 19, 127
List the prime factors of 23307417.
3, 7, 369959
List the prime factors of 1743859.
13, 53, 2531
List the prime factors of 1184979.
3, 394993
List the prime factors of 22742107.
17, 19, 181, 389
List the prime factors of 176929.
29, 6101
What are the prime factors of 677378?
2, 13, 26053
List the prime factors of 1223373.
3, 407791
What are the prime factors of 1013852?
2, 7, 36209
List the prime factors of 792450.
2, 3, 5, 587
What are the prime factors of 405040?
2, 5, 61, 83
What are the prime factors of 919105?
5, 11, 17, 983
What are the prime factors of 2203561?
23, 149, 643
What are the prime factors of 10290961?
881, 11681
List the prime factors of 314799.
3, 104933
What are the prime factors of 72780?
2, 3, 5, 1213
What are the prime factors of 80553?
3, 11, 2441
List the prime factors of 947647.
947647
List the prime factors of 813921.
3, 53, 5119
What are the prime factors of 3660960?
2, 3, 5, 29, 263
List the prime factors of 2838887.
31, 91577
List the prime factors of 431140.
2, 5, 21557
List the prime factors of 579600.
2, 3, 5, 7, 23
What are the prime factors of 19180316?
2, 4795079
What are the prime factors of 31897803?
3, 7, 23, 66041
List the prime factors of 946283.
13, 83, 877
List the prime factors of 819496.
2, 102437
What are the prime factors of 24152?
2, 3019
List the prime factors of 556110.
2, 3, 5, 37, 167
What are the prime factors of 530055?
3, 5, 11779
What are the prime factors of 40483826?
2, 29, 47, 14851
List the prime factors of 14258888.
2, 7, 254623
What are the prime factors of 27003187?
27003187
List the prime factors of 74079.
3, 8231
List the prime factors of 483765.
3, 5, 32251
List the prime factors of 325840.
2, 5, 4073
List the prime factors of 77400.
2, 3, 5, 43
List the prime factors of 6318939.
3, 11, 419, 457
What are the prime factors of 507878?
2, 7, 36277
List the prime factors of 13455500.
2, 5, 17, 1583
List the prime factors of 371675.
5, 14867
What are the prime factors of 283006?
2, 71, 1993
List the prime factors of 916808.
2, 114601
List the prime factors of 4994733.
3, 73, 22807
List the prime factors of 796838.
2, 7, 47, 173
List the prime factors of 775022.
2, 479, 809
What are the prime factors of 1562057?
7, 223151
List the prime factors of 2868729.
3, 41, 83, 281
What are the prime factors of 208587?
3, 23, 3023
List the prime factors of 455657.
59, 7723
List the prime factors of 19771479.
3, 7, 13, 619
What are the prime factors of 195202?
2, 7, 73, 191
What are the prime factors of 785266?
2, 23, 43, 397
What are the prime factors of 2196673?
2196673
List the prime factors of 1812641.
613, 2957
What are the prime factors of 145470?
2, 3, 5, 13, 373
List the prime factors of 44740.
2, 5, 2237
List the prime factors of 2753157.
3, 11, 19, 4391
List the prime factors of 49820.
2, 5, 47, 53
List the prime factors of 1610502.
2, 3, 47, 5711
What are the prime factors of 386309?
7, 11, 29, 173
List the prime factors of 3612366.
2, 3, 101, 1987
What are the prime factors of 38400?
2, 3, 5
What are the prime factors of 21082779?
3, 919, 2549
What are the prime factors of 323638?
2, 7, 23117
What are the prime factors of 2945488?
2, 7, 13, 17
List the prime factors of 25671559.
43, 271, 2203
List the prime factors of 193333.
7, 71, 389
What are the prime factors of 2339891?
113, 20707
What are the prime factors of 74077?
74077
What are the prime factors of 68921?
41
What are the prime factors of 847738?
2, 423869
List the prime factors of 5217868.
2, 181, 7207
List the prime factors of 523450.
2, 5, 19, 29
What are the prime factors of 53865?
3, 5, 7, 19
List the prime factors of 11806647.
3, 41, 95989
List the prime factors of 237660.
2, 3, 5, 17, 233
List the prime factors of 272155.
5, 13, 53, 79
What are the prime factors of 34819?
34819
What are the prime factors of 480588?
2, 3, 29, 1381
What are the prime factors of 12406713?
3, 11, 79, 4759
List the prime factors of 93368.
2, 11, 1061
List the prime factors of 830395.
5, 19, 8741
What are the prime factors of 159407?
159407
What are the prime factors of 1136649?
3, 378883
What are the prime factors of 2506994?
2, 7, 331, 541
What are the prime factors of 17966?
2, 13, 691
What are the prime factors of 159689?
23, 53, 131
What are the prime factors of 393256?
2, 49157
What are the prime factors of 1462912?
2, 11, 1039
What are the prime factors of 1101849?
3, 7, 71, 739
What are the prime factors of 10840773?
3, 19, 43, 4423
List the prime factors of 183199.
167, 1097
What are the prime factors of 925802?
2, 462901
List the prime factors of 241689.
3, 7, 17, 677
What are the prime factors of 21420555?
3, 5, 13, 109849
What are the prime factors of 262948?
2, 7, 9391
List the prime factors of 6739224.
2, 3, 19, 14779
List the prime factors of 3966468.
2, 3, 11, 151, 199
What are the prime factors of 2651225?
5, 173, 613
List the prime factors of 2599810.
2, 5, 17, 41, 373
List the prime factors of 5981058.
2, 3, 23, 14447
What are the prime factors of 932690?
2, 5, 11, 61, 139
List the prime factors of 143395.
5, 7, 17, 241
List the prime factors of 6733597.
13, 29, 53, 337
What are the prime factors of 684264?
2, 3, 7, 4073
What are the prime factors of 210062?
2, 105031
What are the prime factors of 1615127?
307, 5261
What are the prime factors of 9417314?
2, 37, 127261
What are the prime factors of 9521948?
2, 2380487
What are the prime factors of 7238188?
2, 47, 38501
List the prime factors of 19271105.
5, 7, 137, 4019
What are the prime factors of 4343857?
7, 17, 173, 211
List the prime factors of 8554.
2, 7, 13, 47
What are the prime factors of 526634?
2, 59, 4463
What are the prime factors of 54659?
11, 4969
What are the prime factors of 3093595?
5, 618719
List the prime factors of 20980717.
29, 723473
What are the prime factors of 2679905?
5, 607, 883
List the prime factors of 61938.
2, 3, 31, 37
List the prime factors of 6780035.
5, 1356007
What are the prime factors of 2546855?
5, 17, 19, 83
List the prime factors of 146084.
2, 59, 619
What are the prime factors of 170967?
3, 56989
What are the prime factors of 13787941?
13787941
What are the prime factors of 14361?
3, 4787
List the prime factors of 205416.
2, 3, 317
What are the prime factors of 1270453?
197, 6449
What are the prime factors of 723374?
2, 361687
List the prime factors of 7458892.
2, 7, 487, 547
What are the prime factors of 10032419?
59, 97, 1753
List the prime factors of 502402.
2, 251201
List the prime factors of 463533.
3, 7, 22073
List the prime factors of 315379.
173, 1823
List the prime factors of 16582737.
3, 31, 41, 4349
What are the prime factors of 2060646?
2, 3, 7, 43, 163
List the prime factors of 7842401.
7, 160049
List the 